 (base 7) to base 10.
-8764333
-1036202 (base 7) to base 3
-20110020002
Convert 31121022 (base 5) to base 12.
103354
4b858 (base 12) to base 16
19304
What is -337a8 (base 13) in base 10?
-93595
What is 3135a (base 14) in base 6?
2313204
111000202002 (base 3) to base 12
104485
-6336640 (base 7) to base 10
-765898
2938565 (base 10) to base 4
23031123011
-25351403 (base 7) to base 6
-121132135
What is -100101111011110100 (base 2) in base 15?
-3108a
Convert -1a3a (base 12) to base 7.
-12241
Convert -103421 (base 11) to base 5.
-20244201
10332000220 (base 4) to base 11
80a703
43217ab (base 12) to base 13
283b58a
Convert -7d4679 (base 16) to base 11.
-46a8364
Convert 10041402120 (base 5) to base 11.
578320a
Convert -1221111101102 (base 3) to base 7.
-11532314
8624276 (base 9) to base 16
46870b
1011010100110111000100 (base 2) to base 6
143345300
20420330 (base 5) to base 10
170090
What is 110100111010101001 (base 2) in base 7?
1561624
What is -1276b (base 14) in base 10?
-45371
Convert 1311243353 (base 6) to base 9.
32080466
What is -110111010001010100010111 (base 2) in base 3?
-1000021002222021
Convert 3789b (base 14) to base 5.
13324121
What is -c1482c (base 16) in base 9?
-25745670
Convert 981144 (base 11) to base 7.
16220453
What is 11001000010110111 (base 2) in base 5?
11240313
8b7ba (base 13) to base 9
426362
3130312 (base 6) to base 3
21201011022
Convert 100101101011001001 (base 2) to base 5.
14414223
What is 662617 (base 8) in base 16?
3658f
Convert 20012 (base 10) to base 6.
232352
What is -10000110110000100 (base 2) in base 5?
-4201441
What is -3883001 (base 10) in base 13?
-a5c545
What is 4364207 (base 8) in base 9?
2177833
What is 2cffe (base 16) in base 3?
100100211121
-45f192 (base 16) to base 4
-101133012102
What is -44510631 (base 7) in base 15?
-5112d0
What is 367873 (base 11) in base 6?
20243300
Convert 100330 (base 4) to base 12.
764
What is -233120022 (base 4) in base 6?
-4054230
What is -6be9c (base 16) in base 11?
-2820aa
70a6b (base 12) to base 16
23cf3
What is -626b5 (base 13) in base 7?
-1334544
Convert -268994 (base 13) to base 10.
-933170
Convert -781714 (base 9) to base 13.
-13481b
Convert -92a52 (base 11) to base 5.
-13320243
Convert -2bda3b (base 16) to base 8.
-12755073
16a83 (base 14) to base 10
56955
Convert -18a9173 (base 12) to base 5.
-2312343113
Convert 34997 (base 13) to base 6.
2020552
What is -156018b (base 14) in base 8?
-47671077
What is 1bd9d (base 15) in base 12?
44687
What is -33301233331 (base 4) in base 15?
-56a6dd
Convert 16cdb7 (base 14) to base 13.
221c1b
What is 14611514 (base 7) in base 11?
875362
Convert -13033321 (base 6) to base 10.
-424561
22331020 (base 5) to base 6
4132433
What is 3415266 (base 7) in base 10?
424437
What is 21345440 (base 6) in base 14?
127c52
Convert -12372a (base 11) to base 4.
-233222011
What is -1a22597 (base 12) in base 2?
-10101000011101011000011
Convert 84b748 (base 15) to base 13.
1401c4a
What is -7e3ab (base 16) in base 11?
-323502
What is 22892 (base 10) in base 8?
54554
1610571 (base 10) to base 4
12021031023
What is 263a44 (base 14) in base 10?
1316396
Convert 3260512 (base 7) to base 16.
61f45
-4745102 (base 10) to base 13
-ca1a6b
1532322 (base 6) to base 4
111331322
What is 31411 (base 7) in base 11?
5906
7a098 (base 16) to base 11
311612
-1110111101111000101100 (base 2) to base 11
-223a869
Convert -84c565 (base 13) to base 8.
-13675710
What is 123023012 (base 5) in base 8?
2212666
Convert 1101001110102 (base 3) to base 15.
e6175
4513459 (base 10) to base 12
1617b57
-245330 (base 8) to base 9
-138156
What is -19b9b (base 13) in base 14?
-144a5
10222101100 (base 3) to base 6
1402230
Convert -2aba09 (base 12) to base 10.
-725481
What is -43c04 (base 16) in base 12?
-114718
Convert 120022220222 (base 3) to base 8.
1115267
Convert 269245 (base 16) to base 13.
6a6762
Convert -203222132033 (base 4) to base 10.
-9349007
Convert 10000111000011100111100 (base 2) to base 9.
8284617
What is -3115645 (base 7) in base 2?
-1011011010110110101
What is 10202100012 (base 3) in base 5?
4331002
-102011210102 (base 3) to base 9
-364712
What is -5f1083 (base 16) in base 15?
-830e82
Convert -1310300 (base 9) to base 14.
-1489d6
755135 (base 11) to base 16
126c50
What is 1344123441 (base 5) in base 6?
203042131
Convert 1107421 (base 8) to base 16.
48f11
2012202201102 (base 3) to base 4
10133031101
-75e108 (base 16) to base 10
-7725320
What is 245154502 (base 6) in base 16?
482306
1806a01 (base 11) to base 2
1011101101010011101110
What is 17e64 (base 16) in base 4?
113321210
-e2354 (base 16) to base 7
-10606210
What is 14403726 (base 8) in base 11?
193a463
Convert 2c6423 (base 15) to base 9.
4032646
What is -34333 (base 15) in base 13?
-5a7aa
-3120022 (base 4) to base 8
-33012
Convert -2b710a (base 13) to base 2.
-100000101110010111011
What is 121772 (base 11) in base 12?
93552
What is 411313020 (base 5) in base 10?
1666635
909467 (base 10) to base 3
1201012112222
What is -3d796 (base 16) in base 12?
-101872
Convert -77005 (base 9) to base 15.
-101c5
Convert 3232301 (base 6) to base 13.
57a5a
-1996c (base 16) to base 15
-210c7
Convert 100000010000110110101011 (base 2) to base 10.
8457643
3013703 (base 9) to base 6
54212133
What is -100001001100101010 (base 2) in base 11?
-93187
Convert -103013224 (base 5) to base 7.
-3504420
What is -10413033114 (base 5) in base 6?
-1045310145
21102212102 (base 3) to base 16
23c00
-b595 (base 13) to base 14
-9234
What is -1031203000 (base 6) in base 14?
-165b836
Convert 5548fa (base 16) to base 10.
5589242
-1111010100000001 (base 2) to base 13
-22719
882a (base 16) to base 10
34858
12c9574 (base 13) to base 11
3392481
What is 27434a (base 11) in base 6?
13120134
Convert 5bfe4 (base 16) to base 5.
44024204
Convert -18448a (base 16) to base 6.
-54031002
What is 105143 (base 6) in base 16?
22d7
Convert 3737 (base 11) to base 13.
22b5
Convert -57ab688 (base 12) to base 9.
-34716155
1010100110010001001 (base 2) to base 4
1110302021
What is -2202321311 (base 4) in base 12?
-282185
What is 102121101012 (base 3) in base 14?
5d380
c157e (base 16) to base 9
1436286
What is 10012012002 (base 3) in base 5?
4002311
5794a (base 14) to base 16
3407e
Convert 522532 (base 6) to base 2.
1010010001111000
What is -434454 (base 7) in base 10?
-76038
Convert -30232223230 (base 4) to base 5.
-1323240230
Convert -1f919 (base 16) to base 12.
-629b5
What is 7a04c (base 16) in base 6?
14413500
What is 406034 (base 11) in base 16?
9f3c3
What is -13132013 (base 5) in base 4?
-133303102
What is -ac854 (base 13) in base 11?
-1a4505
10111100001110011000 (base 2) to base 9
1404511
What is -110010110000010010 (base 2) in base 16?
-32c12
Convert -105357 (base 10) to base 14.
-2a577
Convert 220603 (base 8) to base 16.
12183
What is 19858 (base 14) in base 8?
176366
What is -1f24c (base 16) in base 10?
-127564
What is 2498da (base 16) in base 11?
1398a78
What is -5341031 (base 11) in base 12?
-31943b3
125320654 (base 7) to base 6
444354504
86987b (base 14) to base 16
459265
101000100101111011 (base 2) to base 8
504573
629c (base 16) to base 3
1021121222
What is -3021712 (base 11) in base 10?
-5346156
What is 37492 (base 12) in base 10?
74990
What is -101010010101110101010 (base 2) in base 9?
-2544173
Convert -3002403 (base 6) to base 2.
-100010010100000011
What is -37229 (base 13) in base 11?
-6a234
365524 (base 13) to base 6
43445041
Convert -2010012212 (base 3) to base 15.
-c55b
What is -1541401 (base 7) in base 15?
-42b6d
Convert 343266 (base 11) to base 2.
10000101010011101000
What is 3e9a2 (base 16) in base 5?
31201133
-1356657 (base 8) to base 12
-16657b
What is -52116127 (base 8) in base 9?
-22711756
162336 (base 9) to base 3
12002101020
Convert 110010011001001110011000 (base 2) to base 10.
13210520
5051211 (base 8) to base 7
14214641
What is 91717 (base 13) in base 9?
436237
What is -1111000100110100 (base 2) in base 13?
-2214b
-152341 (base 7) to base 8
-71752
What is 10759a (base 11) in base 2?
101001110001001010
What is -12143 (base 16) in base 3?
-10202120122
-2519565 (base 10) to base 14
-4982cd
What is -5b2b8 (base 13) in base 7?
-1265140
Convert -560871 (base 9) to base 16.
-51ddb
Convert 5bb3b (base 12) to base 2.
11110010110011111
11b1a0 (base 14) to base 11
384960
Co